
Is 103217 a composite number?
False
Is 11021 a composite number?
True
Is 133253 a composite number?
False
Is 18505 a prime number?
False
Is 4077627 prime?
False
Is 623107 a prime number?
True
Is 662 a composite number?
True
Is 18173 prime?
False
Is 56774 prime?
False
Is 171551 composite?
True
Is 96403 a prime number?
False
Is 10979 a composite number?
False
Is 61163 a composite number?
True
Is 12853 composite?
False
Is 89341 composite?
True
Is 54914 prime?
False
Is 102217 prime?
True
Is 15359 composite?
False
Is 11351 a prime number?
True
Is 139937 composite?
True
Is 83261 composite?
True
Is 33503 a composite number?
False
Is 195023 prime?
True
Is 156759 composite?
True
Is 10061 a prime number?
True
Is 1086859 a prime number?
True
Is 1819627 prime?
False
Is 22081 prime?
False
Is 545993 a composite number?
True
Is 210391 a prime number?
True
Is 968251 prime?
True
Is 15761 composite?
False
Is 3073 composite?
True
Is 36107 a prime number?
True
Is 19271 composite?
True
Is 69562 a composite number?
True
Is 84377 composite?
False
Is 124247 a prime number?
True
Is 179849 a prime number?
True
Is 106462 a composite number?
True
Is 1439 prime?
True
Is 15121 a prime number?
True
Is 31721 prime?
True
Is 10099 a composite number?
False
Is 7601 a composite number?
True
Is 4747 prime?
False
Is 337191 prime?
False
Is 7135 composite?
True
Is 445567 a composite number?
False
Is 92339 a prime number?
False
Is 11249 prime?
False
Is 53189 composite?
False
Is 8623 a prime number?
True
Is 1346 composite?
True
Is 183019 a prime number?
False
Is 10831 a composite number?
False
Is 6595 prime?
False
Is 35519 a composite number?
True
Is 17335 prime?
False
Is 76569 a prime number?
False
Is 2741 a prime number?
True
Is 204913 prime?
True
Is 20161 a composite number?
False
Is 26309 a composite number?
False
Is 27043 prime?
True
Is 451499 a prime number?
True
Is 4074959 a prime number?
False
Is 634717 a prime number?
True
Is 12689 a composite number?
False
Is 977 a composite number?
False
Is 491 a prime number?
True
Is 1185793 a composite number?
True
Is 4857 a prime number?
False
Is 9571 composite?
True
Is 13934 prime?
False
Is 4393 a composite number?
True
Is 2507 a composite number?
True
Is 5057 a composite number?
True
Is 112481 a prime number?
True
Is 881039 prime?
False
Is 4621 prime?
True
Is 32491 a prime number?
True
Is 128447 a prime number?
False
Is 493897 composite?
False
Is 7187 composite?
False
Is 41113 a composite number?
False
Is 643861 composite?
True
Is 613883 a composite number?
False
Is 3821 prime?
True
Is 10483 a prime number?
False
Is 15109 composite?
True
Is 422941 a composite number?
True
Is 1739 composite?
True
Is 32117 a composite number?
False
Is 58291 prime?
False
Is 17481 a composite number?
True
Is 476401 composite?
False
Is 105701 a prime number?
True
Is 2129 a prime number?
True
Is 2815 a prime number?
False
Is 1761521 a composite number?
True
Is 16033 a prime number?
True
Is 15173 a composite number?
False
Is 98261 a composite number?
True
Is 38431 prime?
True
Is 84377 a prime number?
True
Is 6959 composite?
False
Is 111439 prime?
True
Is 82549 composite?
False
Is 7897 prime?
False
Is 35141 a composite number?
False
Is 98207 prime?
True
Is 3433 a prime number?
True
Is 11027 a prime number?
True
Is 32099 a prime number?
True
Is 14669 prime?
True
Is 5999 prime?
False
Is 793669 a prime number?
True
Is 66679 a composite number?
True
Is 214211 prime?
True
Is 191669 composite?
False
Is 264623 prime?
False
Is 192497 composite?
False
Is 1761502 a composite number?
True
Is 5849 prime?
True
Is 1190507 prime?
True
Is 1693 composite?
False
Is 14923 composite?
False
Is 79403 prime?
False
Is 112246 a composite number?
True
Is 7417789 composite?
False
Is 404159 a prime number?
False
Is 72073 prime?
True
Is 1109 a prime number?
True
Is 1109951 composite?
False
Is 17707 a composite number?
False
Is 34871 a prime number?
True
Is 77317 a prime number?
True
Is 6733 prime?
True
Is 261881 a composite number?
False
Is 36991 a composite number?
True
Is 645179 a composite number?
False
Is 68803 composite?
True
Is 58787 prime?
True
Is 1867109 a composite number?
False
Is 77329 composite?
True
Is 220787 composite?
True
Is 75479 prime?
True
Is 11621 a composite number?
False
Is 75547 prime?
False
Is 76803 prime?
False
Is 287873 a composite number?
False
Is 32093 prime?
False
Is 3479419 prime?
False
Is 14983 a composite number?
False
Is 19799 a composite number?
True
Is 36847 composite?
False
Is 1741 prime?
True
Is 5705673 composite?
True
Is 74821 a composite number?
False
Is 12323 composite?
False
Is 645571 a composite number?
False
Is 1559 composite?
False
Is 13577 composite?
False
Is 201671 composite?
True
Is 48157 a prime number?
True
Is 1292693 composite?
False
Is 11383 a prime number?
True
Is 281857 prime?
True
Is 5519 prime?
True
Is 23809 composite?
True
Is 444541 a composite number?
True
Is 8353 composite?
False
Is 49373 a prime number?
False
Is 285967 a composite number?
True
Is 5791 prime?
True
Is 19 a prime number?
True
Is 418685 a prime number?
False
Is 85249 composite?
True
Is 155119 a composite number?
False
Is 108863 a prime number?
True
Is 28901 composite?
False
Is 24737 composite?
True
Is 6467 a composite number?
True
Is 1099 prime?
False
Is 259499 a composite number?
False
Is 6995 a composite number?
True
Is 1087 a prime number?
True
Is 616897 a composite number?
False
Is 47699 prime?
True
Is 134153 a prime number?
True
Is 962599 prime?
False
Is 5191 prime?
False
Is 10681 composite?
True
Is 5981 prime?
True
Is 2 a composite number?
False
Is 13591 composite?
False
Is 10909 composite?
False
Is 326747 a prime number?
False
Is 40954 prime?
False
Is 45273 a composite number?
True
Is 16495 prime?
False
Is 343331 composite?
True
Is 18961 prime?
False
Is 29157 prime?
False
Is 23227 composite?
False
Is 75427 prime?
False
Is 3037085 a composite number?
True
Is 18442 prime?
False
Is 107033 a prime number?
True
Is 873097 composite?
True
Is 355271 prime?
False
Is 7613 a composite number?
True
Is 22807 composite?
False
Is 1006301 a composite number?
False
Is 1365659 a composite number?
False
Is 67 composite?
False
Is 1566307 composite?
False
Is 12689 composite?
False
Is 1167319 a composite number?
True
Is 193337 prime?
True
Is 587589 prime?
False
Is 60815 prime?
False
Is 128703 a prime number?
False
Is 157343 a prime number?
False
Is 15809 a prime number?
True
Is 5981 a composite number?
False
Is 27397 composite?
False
Is 56501 a composite number?
False
Is 3300811 a composite number?
False
Is 1795363 prime?
True
Is 71699 a composite number?
False
Is 202441 a prime number?
True
Is 296683 composite?
False
Is 82157 a prime number?
False
Is 221653 composite?
False
Is 11087 prime?
True
Is 4593 prime?
False
Is 919 a composite number?
False
Is 21001 a prime number?
True
Is 139247 prime?
False
Is 27067 a prime number?
True
Is 898349 composite?
True
Is 8467 prime?
True
Is 18113 a composite number?
True
Is 36602 prime?
False
Is 107131 a composite number?
True
Is 291309 a prime number?
False
Is 15439 prime?
True
Is 16941 a composite number?
True
Is 2626493 prime?
True
Is 8951 a prime number?
True
Is 79087 a prime number?
True
Is 146513 a composite number?
False
Is 111607 a composite number?
True
Is 84299 prime?
True
Is 267871 prime?
False
Is 649099 a prime number?
False
Is 431921 a prime number?
False
Is 587 prime?
True
Is 9680993 prime?
False
Is 55793 a composite number?
False
Is 2837849 a composite number?
True
Is 9155 prime?
False
Is 618143 a composite number?
True
Is 334637 composite?
False
Is 323363 a prime number?
False
Is 10993 a prime number?
True
Is 246179 composite?
True
Is 23038 a composite number?
True
Is 3691 a composite number?
False
Is 314 a prime number?
False
Is 1219 composite?
True
Is 109267 prime?
True
Is 347 a composite number?
False
Is 295751 a prime number?
True
Is 727739 composite?
True
Is 396203 a prime number?
True
Is 17439 a prime number?
False
Is 58013 a prime number?
True
Is 30335 a prime number?
False
Is 296189 a composite number?
True
Is 2362917 prime?
False
Is 162137 composite?
True
Is 7715 a prime number?
False
Is 2157605 prime?
False
Is 20014 a prime number?
False
Is 198577 a prime number?
False
Is 4153 composite?
False
Is 74551 prime?
True